me number?
False
Suppose 0 = -11*z + 9 + 57. Suppose n + j = 0, -2*n - z + 18 = -4*j. Suppose -n*a - 191 + 1761 = 0. Is a a composite number?
True
Suppose 0 = i + 2*i - 15. Suppose 2*h - 33627 = -2*a - 3*h, -h + i = 0. Suppose -5*q = -a - 474. Is q a prime number?
False
Let w(p) be the second derivative of 0 - 5/2*p**2 - 7*p + 22*p**3. Is w(1) a composite number?
False
Is 565/(-339)*(-13422)/10 a composite number?
False
Suppose 4*s + 4143 = h, 0 = -h + 2*s + 753 + 3388. Is h a prime number?
True
Let o(y) = y**2 + 17*y - 114. Let l be o(-22). Is 1932/63*(-111)/l prime?
False
Let c = 1357827 - 368356. Is c a composite number?
True
Let c = 119 + -117. Suppose c*i = 39 - 31. Suppose 0*y = -5*q - i*y + 5599, 4496 = 4*q - y. Is q a prime number?
True
Let v(d) = 31*d**2 - 25*d + 435. Is v(-28) composite?
False
Let w(p) = 38*p - 2. Let q(b) = 13*b - 1. Let u(f) = 11*q(f) - 4*w(f). Suppose -m = -3*i + 14, -8*m + 12*m - 2*i = -36. Is u(m) composite?
True
Let v(u) = -2487*u**3 - 80*u - 570. Is v(-7) prime?
True
Let p(d) = 37*d**3 - 5*d**2 + 56*d + 10. Is p(6) prime?
False
Let p(z) = z**2 - 8 - 1207*z + 1207*z. Let i be p(-3). Is 614/(-3)*((-8)/2 + i) composite?
True
Let m be (18/3)/(-6)*-1930. Let d = 3269 - m. Is d a composite number?
True
Suppose 46*g + 178*g + 15212988 - 51304540 = 0. Is g composite?
False
Let r be 135/12 + (-13)/52. Is ((-6)/(-10))/(r/8745) - -2 prime?
True
Suppose 21*c - 55525 + 16864 = 0. Is c composite?
True
Is (-860424)/(-16) - (-42)/(-12) a prime number?
True
Let s(j) = 56807*j - 4537. Is s(12) a prime number?
True
Let w(b) = -5*b**3 + 3*b**2 - 6*b - 265. Let x(k) = k**3 - k**2 + k. Let l(n) = -w(n) - 4*x(n). Suppose -d + 2*d + 0*d = 0. Is l(d) prime?
False
Let g(u) = 9597*u - 697. Is g(18) a composite number?
False
Let k(a) = 1432*a**2 - 21*a - 31. Is k(-6) a composite number?
False
Let d be 10/4*(-6)/(-15). Suppose -d = 131*h - 132*h. Is ((-3)/(-2))/(h*3/508) composite?
True
Suppose -5*a + 887025 = 32*f - 27*f, -5*f + 4*a = -887061. Is f a prime number?
True
Suppose -5*a + 4*u = -160600, 5*u = a + 4029 - 36149. Is (a/12 - 7)*(2 - -1) composite?
False
Suppose 2*k + 4 = 0, -3*l + 68 = k + 4. Let t be (51/6 + -1)*l. Suppose 26*a - 21*a - t = 0. Is a prime?
False
Suppose b = -4*b + 15, -4*v - 2*b + 81378 = 0. Let w = v + -11377. Is w a composite number?
True
Let b(i) = 246*i - 2. Let t be b(5). Suppose 0 = 3*y + x + t, -3*x - 1212 = 3*y - 6*x. Let a = -11 - y. Is a composite?
False
Let j be ((-595)/28)/((-3)/1644). Suppose -12*q + j = -7*q. Suppose -q - 340 = -f. Is f a prime number?
False
Let d = 59595 + 26728. Is d a prime number?
True
Is (1567850/(-20))/(25/(-10)) composite?
False
Let p be ((-3)/8)/((-25)/200). Suppose -p*b - x = -3844, 5*x + 6514 = 3*b + 2640. Is b a composite number?
False
Let u(r) = -75*r**2 + 235*r**2 + r - 77*r**2 - 75*r**2 + 6. Suppose -4*f = -5*x - 20, 2*f + x = -2*x + 10. Is u(f) composite?
False
Let y(i) = 159*i**3 - 26*i**2 - 48*i + 646. Is y(10) prime?
False
Let n be ((-492)/30)/((-336)/335 + 1). Suppose 0 = 6*s - s - 2*q + n, q + 3 = 0. Is (4/(-6))/(2/3) - s a composite number?
True
Let t(q) = -10*q**3 + 5*q**2 + 3*q + 9. Let w(c) = -30*c**3 + 14*c**2 + 9*c + 28. Let x = -85 - -92. Let j(g) = x*t(g) - 2*w(g). Is j(-3) a prime number?
True
Let j(q) = 23101*q - 170. Is j(3) a prime number?
False
Let x be (1 - 12/(-6)) + -2. Is (-6)/(-24)*(1947 + x) prime?
True
Let c = -65 - -18. Let o = c + 54. Suppose -9*q + 354 = -o*q. Is q composite?
True
Suppose 5*d - 22271 = 2*o + 10138, 5*o - 15 = 0. Suppose -87*l = -84*l - d. Is l composite?
False
Let x(f) = 80*f**2 + 3*f + 2. Suppose w = 9*w - 40. Is x(w) prime?
True
Let b(o) = o**3 + 43*o**2 + 20*o + 39. Let y be b(-21). Let h = y + 5972. Is h prime?
False
Is 11198858/20 - 12/(-120) composite?
True
Suppose 3*b - 607326 = -5*g, 607356 = 3*b - 11*g + 6*g. Is b a prime number?
False
Let x = 13238 - 9023. Let m = 49 - 46. Suppose 3*t - 7023 = -5*a + 7*t, x = 3*a - m*t. Is a a composite number?
True
Let f(x) = 60*x**2 - x + 6. Suppose -19*a - 45 = -140. Is f(a) composite?
True
Is ((-20)/(-30) - (-70)/(-42))*(-26337 - 2) prime?
True
Let h(v) = -146*v - 28. Let k be h(-14). Suppose -5*j = 3*l - 2016, k = 3*l - 6*j + 5*j. Suppose s - l = 107. Is s a composite number?
True
Is (2727507/15 - 3)/((-90)/(-225)) a composite number?
False
Suppose 230*p - 99643278 - 5853812 = 0. Is p a prime number?
True
Let s(z) = 4000*z**2 - 10*z - 37. Is s(-6) composite?
True
Let c(k) = 9*k**2 + 51*k - 7. Let j(x) = -25*x**2 - 154*x + 21. Let a(u) = 7*c(u) + 2*j(u). Is a(10) prime?
True
Let z(m) = -3*m - 5. Let l be z(-3). Suppose 4*f - w = 1554, f - 1950 = -l*f + 5*w. Let i = f + 19. Is i prime?
False
Suppose -49 = -3*d + 5*p, 0 = 3*d + p + 32 - 105. Let y be d/7 - 4/14. Suppose 0*u - 187 = -2*f + 3*u, -y*u + 3 = 0. Is f composite?
True
Let u = 504 + -498. Suppose u*d + k - 5916 = 3*d, 0 = -5*d + 3*k + 9874. Is d a composite number?
False
Let u(l) be the first derivative of -3*l**4/4 + 10*l**3/3 + 4*l**2 + 32*l + 99. Is u(-11) composite?
False
Let v(i) be the first derivative of 3*i**5/20 - i**4/8 + 13*i**3/6 + 16*i**2 + 30. Let n(z) be the second derivative of v(z). Is n(5) a composite number?
False
Is (46/4 - 10) + (-1367526)/(-4) + -4 prime?
True
Let n(v) = 628*v**2 - 2*v + 3. Let k(d) = 629*d**2 - d + 4. Let u(i) = -4*k(i) + 5*n(i). Is u(-1) a composite number?
True
Let n = -75071 - -49533. Let i = n + 15250. Is 1 - (i/4 - -4) prime?
False
Suppose 9*u - 18*u = 0. Suppose -4*q = -3*c + 5663, u*q + 5668 = 3*c + q. Is c a composite number?
False
Let q(b) = -165*b**2 - 16*b + 152. Let i(g) = -164*g**2 - 14*g + 152. Let v(h) = -6*i(h) + 5*q(h). Is v(9) a composite number?
False
Let q(w) = 1016*w**2 - 104*w - 269. Is q(-18) a composite number?
False
Suppose 8*m - 96327 = 126425. Suppose -7*d + 28975 = -m. Is d a prime number?
True
Let k = -1756 - -2615. Suppose 3*u - 4*t - k = 0, -4*u = 2*t - 161 - 977. Let o = 536 - u. Is o composite?
False
Suppose 3931556 + 661050 + 6959770 = 24*z. Is z a prime number?
False
Is 61 - 64 - 134506/(-3 + 2) prime?
True
Suppose -1427*t = -1402*t + 1158461 - 5071186. Is t a prime number?
False
Suppose -65*h = 16*h - 2273913. Is h composite?
True
Let n(y) = -162*y + 10. Let f be n(-3). Suppose 8*w + f = 49400. Is w prime?
True
Let m = -200426 + 347763. Is m a prime number?
False
Suppose -c + 79 = 78. Is -46 - -6074 - (0 - c)*1 composite?
False
Let o be (-4)/(-10) + -3*(-2168)/(-10). Is (-7711002)/o - 4/50 a composite number?
False
Let l = 5 - 1. Let p be l/(-7)*28/(-8). Suppose 994 = p*g + 5*r, -4*g + 3*g + 5*r = -497. Is g prime?
False
Suppose -3*j = -4*m + 21307, 79*m + 26605 = 84*m + 2*j. Is m prime?
True
Suppose -126*q + 33998455 = 169*q. Is q a composite number?
False
Suppose -5*g = -p + 705842, -12*p - 282332 = 2*g - 10*p. Is 14/1*(g/(-32) - 2) a composite number?
True
Let t(j) = 5*j**2 - 107*j + 1709. Is t(-107) composite?
True
Let u(s) = -s**3 + 11*s**2 + 19*s - 40. Let q be u(12). Suppose -5*b - 88 = -4*j + q, 5*j = 3*b + 165. Is j prime?
False
Let y(l) = 6*l**2 - 14*l - 21. Let q be y(10). Suppose 6*t = q + 581. Let z = -91 + t. Is z a composite number?
False
Let n(b) = 709*b**2 - 324*b + 7515. Is n(22) composite?
False
Let m be 4 + -3 - ((3 - 0) + -4). Let f(g) = -g**2 - g. Let a(j) = -233*j**2 + 3. Let t(c) = -a(c) - 2*f(c). Is t(m) a composite number?
False
Suppose 0 = 7*h - 7908 - 17145 - 12656. Is h a composite number?
False
Suppose 25*h - 27*h + 3*v + 115046 = 0, -4*v - 230084 = -4*h. Is h composite?
True
Suppose 3*a + 140 = l - 20, -154 = 3*a - 4*l. Let t be (-1)/2*-4989*36/a. Let r = -1126 - t. Is r a prime number?
False
Let z(m) be the first derivative of 532*m**3/3 - 9*m**2/2 + 10*m - 17. Is z(1) a prime number?
False
Let s(r) = 2*r**2 + 7*r + 8. Let l be s(-6). Suppose 0 = -5*d + m - 24 - l, -d = 5*m + 2. Is (-6 - 0)*30/d a composite number?
True
Let p(x) = -2*x**3 - 2*x**2 + 2. Let a(y) = y**2 - y - 1. Let n(l) = 6*a(l) + p(l). Let z be n(3). Let k = z - -51. Is k composite?
False
Is (-4)/14 + 6228785/35 + 2 composite?
False
Suppose 0*n - 414 = 5*u + 3*n, -2*u - 5*n = 177. Let j = u - -70. Let r(v) = -v**3 - 5*v**2 + 24*v + 5. Is r(j) a composite number?
False
Is (-12)/(-30)*(-535705)/(-38) composite?
False
Suppose 0*w + 5*w + 850 = 0